{"id":2,"date":"2018-10-23T10:23:33","date_gmt":"2018-10-23T08:23:33","guid":{"rendered":"https:\/\/www.freunde-traunreuts.de\/?page_id=2"},"modified":"2018-11-02T12:44:01","modified_gmt":"2018-11-02T11:44:01","slug":"beispiel-seite","status":"publish","type":"page","link":"https:\/\/www.freunde-traunreuts.de\/?page_id=2","title":{"rendered":"Stadtb\u00fccherrei"},"content":{"rendered":"<h4>Miete statt Neubau f\u00fcr die Stadtb\u00fccherrei<\/h4>\n<p class=\"want\">Sind Sie daf\u00fcr, dass f\u00fcr die Stadtb\u00fccherei Traunreut <u>kein<\/u> Neubau errichtet wird und stattdessen eine geeignete Fl\u00e4che (ohne daf\u00fcr zu errichtenden Neubau) im Stadtgebiet angemietet bleibt \/ wird (nach ggf. vorherigem Umbau durch die Stadt)?<\/p>\n<p class=\"reason\">\n<b>Begr\u00fcndung<\/b><br \/>\nDie Stadt Traunreut beabsichtigt, mit Beschluss des Stadtrats eine neue Stadtb\u00fccherei im Stadtgebiet (bislang geplant im Areal Eichendorffstra\u00dfe-Munastra\u00dfe-Traunring) zu bauen. Dieses Vorhaben ist jedoch nicht vertretbar, da:<\/p>\n<ul>\n<li>es eine klare Missachtung des B\u00fcrgerentscheids vom Oktober 2013 ist, in dem sich ca. 72 % gegen den Neubau einer Stadtb\u00fccherei ausgesprochen haben. Auch wenn diese Entscheidung heute nicht mehr bindend ist, so wollten knapp \u00be (!) der Bev\u00f6lkerung keinen Neubau!<\/li>\n<li>sich das Leseverhalten stark ver\u00e4ndert sprich: Das klassische auf Papier gedruckte Buch \/ Medium wird zunehmend durch das E-Book und \u00e4hnliches verdr\u00e4ngt. Diese neuen (Speicher-)Medien ben\u00f6tigen deutlich weniger Platz, eine genaue Entwicklung ist aber noch nicht absehbar. Es ist deshalb im h\u00f6chsten Ma\u00dfe unvern\u00fcnftig ein neues, im st\u00e4dtischen Besitz befindliches und teures Bauwerk zu erstellen.<\/li>\n<li>eine geeignete Immobilie g\u00fcnstiger angemietet werden k\u00f6nnte, als eine Finanzierung (trotz der derzeitig g\u00fcnstigen Zinsen) kostet.<\/li>\n<li>der an der Eichendorffstra\u00dfe geplante Standort f\u00fcr die Stadtb\u00fccherei dar\u00fcber hinaus vollkommen falsch gelegen ist; er stellt eine \u201espornartige\u201c Bebauung inmitten eines planerisch wertvollen Areals dar, obwohl f\u00fcr die Gesamtfl\u00e4che noch kein umsetzungsf\u00e4higes Gesamtkonzept vorhanden ist (= Fehlplanung).\n<\/li>\n<li>in der letzten Sch\u00e4tzung f\u00fcr einen Neubau die im Stadtrat pr\u00e4sentiert wurde, ca. 4,1 Millionen Euro (zzgl. Kosten f\u00fcr Au\u00dfenanlagen, etc.) veranschlagt wurden. Dieses Geld (wie hoch der Betrag dann letztendlich auch immer sein mag) kann unseres Erachtens an anderer Stelle sinnvoller eingesetzt werden.<\/li>\n<\/ul>\n","protected":false},"excerpt":{"rendered":"<p>Miete statt Neubau f\u00fcr die Stadtb\u00fccherrei Sind Sie daf\u00fcr, dass f\u00fcr die Stadtb\u00fccherei Traunreut kein Neubau errichtet wird und stattdessen eine geeignete Fl\u00e4che (ohne daf\u00fcr zu errichtenden Neubau) im Stadtgebiet angemietet bleibt \/ wird (nach ggf. vorherigem Umbau durch die Stadt)? Begr\u00fcndung Die Stadt Traunreut beabsichtigt, mit Beschluss des Stadtrats eine neue Stadtb\u00fccherei im Stadtgebiet <a href=\"https:\/\/www.freunde-traunreuts.de\/?page_id=2\" class=\"more-link\">...weiterlesen<span class=\"screen-reader-text\"> \"Stadtb\u00fccherrei\"<\/span><\/a><\/p>\n","protected":false},"author":1,"featured_media":154,"parent":0,"menu_order":0,"comment_status":"closed","ping_status":"open","template":"","meta":{"footnotes":""},"class_list":["post-2","page","type-page","status-publish","has-post-thumbnail","h-entry","hentry","h-as-page"],"_links":{"self":[{"href":"https:\/\/www.freunde-traunreuts.de\/index.php?rest_route=\/wp\/v2\/pages\/2","targetHints":{"allow":["GET"]}}],"collection":[{"href":"https:\/\/www.freunde-traunreuts.de\/index.php?rest_route=\/wp\/v2\/pages"}],"about":[{"href":"https:\/\/www.freunde-traunreuts.de\/index.php?rest_route=\/wp\/v2\/types\/page"}],"author":[{"embeddable":true,"href":"https:\/\/www.freunde-traunreuts.de\/index.php?rest_route=\/wp\/v2\/users\/1"}],"replies":[{"embeddable":true,"href":"https:\/\/www.freunde-traunreuts.de\/index.php?rest_route=%2Fwp%2Fv2%2Fcomments&post=2"}],"version-history":[{"count":6,"href":"https:\/\/www.freunde-traunreuts.de\/index.php?rest_route=\/wp\/v2\/pages\/2\/revisions"}],"predecessor-version":[{"id":80,"href":"https:\/\/www.freunde-traunreuts.de\/index.php?rest_route=\/wp\/v2\/pages\/2\/revisions\/80"}],"wp:featuredmedia":[{"embeddable":true,"href":"https:\/\/www.freunde-traunreuts.de\/index.php?rest_route=\/wp\/v2\/media\/154"}],"wp:attachment":[{"href":"https:\/\/www.freunde-traunreuts.de\/index.php?rest_route=%2Fwp%2Fv2%2Fmedia&parent=2"}],"curies":[{"name":"wp","href":"https:\/\/api.w.org\/{rel}","templated":true}]}}